33
In base 5, what is -41 + -231?
-322
In base 16, what is -1c6 + 3?
-1c3
In base 10, what is -174 + -1?
-175
In base 16, what is -16 + c3?
ad
In base 8, what is -201 + 3?
-176
In base 15, what is 11 + -a3?
-92
In base 10, what is 0 + -87?
-87
In base 2, what is 110001101100 - 0?
110001101100
In base 13, what is -8944 + 2?
-8942
In base 8, what is -3 - -120?
115
In base 13, what is -c + 66?
57
In base 7, what is 23 + -44?
-21
In base 8, what is -5 - -2744?
2737
In base 2, what is -11010001001110 + -101?
-11010001010011
In base 13, what is 7188 + -3?
7185
In base 12, what is 13 - -b5?
108
In base 11, what is 0 - 166?
-166
In base 14, what is 60d + -5?
608
In base 14, what is 46c + -1?
46b
In base 13, what is -95 + 5?
-90
In base 4, what is -1120 + -203?
-1323
In base 4, what is 13 + 31211?
31230
In base 10, what is 5 - -333?
338
In base 2, what is 10 + -11011?
-11001
In base 5, what is 2444 - 44?
2400
In base 13, what is 132 - 3?
12c
In base 13, what is 4 - a3?
-9c
In base 14, what is -8 + 4?
-4
In base 9, what is -8 - -86?
77
In base 12, what is 4 + 0?
4
In base 16, what is -b + -c?
-17
In base 8, what is -17 - -227?
210
In base 5, what is -1141 - 12?
-1203
In base 5, what is -101420 + -1?
-101421
In base 11, what is -47a5 - 2?
-47a7
In base 12, what is -2 - -115?
113
In base 2, what is -10 + 111001?
110111
In base 14, what is 1 - -43?
44
In base 2, what is 11110001001 + -11?
11110000110
In base 11, what is -3 - 7a6?
-7a9
In base 6, what is 10 + 144?
154
In base 4, what is -33 - -1221?
1122
In base 10, what is -2 - -162?
160
In base 16, what is -f + -2b?
-3a
In base 3, what is -11 - -2120?
2102
In base 3, what is -201 + -101021?
-101222
In base 7, what is -104 - 122?
-226
In base 14, what is -8 + 5a?
52
In base 3, what is -10120 - 211?
-11101
In base 16, what is 1 + 5d6?
5d7
In base 5, what is -21 - -41?
20
In base 15, what is 1 - -3bd?
3be
In base 7, what is -141536 + 5?
-141531
In base 8, what is -3 - -76?
73
In base 15, what is 9b + 0?
9b
In base 10, what is -118 + -5?
-123
In base 15, what is c7 + 5?
cc
In base 7, what is -5 - 101?
-106
In base 8, what is -116 + 51?
-45
In base 14, what is -11 + -4?
-15
In base 10, what is -5 - 2590?
-2595
In base 14, what is -522 + 1?
-521
In base 7, what is -11 + -14?
-25
In base 2, what is -10110 + 1011110?
1001000
In base 6, what is 1 - 210?
-205
In base 12, what is -1 + -3a?
-3b
In base 7, what is -516 - -5?
-511
In base 5, what is -4 - 202?
-211
In base 11, what is 2 + -191?
-18a
In base 14, what is 484 + -1?
483
In base 12, what is -a1 + -1?
-a2
In base 16, what is dd7 - 1?
dd6
In base 11, what is -8 - -4a3?
496
In base 7, what is -1 + 2250?
2246
In base 8, what is 23 - -456?
501
In base 11, what is 19a20 - 2?
19a19
In base 8, what is 424 + -16?
406
In base 2, what is 11 - 111000?
-110101
In base 12, what is -142 - 2?
-144
In base 15, what is -2e + 1c?
-12
In base 9, what is -3 - 506?
-510
In base 13, what is -5 - -c?
7
In base 7, what is 2 - -2165?
2200
In base 8, what is -562 - 4?
-566
In base 5, what is -304 - -112?
-142
In base 14, what is 216 + -3?
213
In base 12, what is 152 - 0?
152
In base 11, what is 11 + 13?
24
In base 16, what is 3b + 1a?
55
In base 14, what is 4 - b?
-7
In base 3, what is 210100 + 2?
210102
In base 12, what is 786 - 5?
781
In base 14, what is 0 + b7a?
b7a
In base 9, what is 168 + 7?
176
In base 3, what is -12000 - -210?
-11020
In base 7, what is -2 - -3221?
3216
In base 2, what is -11101 - -100001?
100
In base 9, what is -750 - -3?
-746
In base 8, what is 416 + -2?
414
In base 13, what is -1b3 + -1?
-1b4
In base 8, what is 11 - -126?
137
In base 14, what is 18 - 16?
2
In base 12, what is 22 - 0?
22
In base 14, what is -24 - 9?
-2d
In base 6, what is -2 + -3141?
-3143
In base 10, what is -223 + 4?
-219
In base 13, what is 280 - -5?
285
In base 6, what is 5350 + 5?
5355
In base 10, what is -127 - -1?
-126
In base 9, what is -4762 + -5?
-4767
In base 13, what is -38 - 122?
-15a
In base 3, what is 1101 - 200?
201
In base 6, what is -512 - -120?
-352
In base 16, what is 2 + -8eb?
-8e9
In base 15, what is -b + -11?
-1c
In base 10, what is -11 - -642?
631
In base 16, what is 45bc - 3?
45b9
In base 13, what is -b1 - c?
-c0
In base 5, what is -1044 + -300?
-1344
In base 9, what is -1 - -318?
317
In base 7, what is -46 + 21?
-25
In base 14, what is 5 + -79?
-74
In base 16, what is -12b - 1?
-12c
In base 11, what is 2093 + -4?
208a
In base 5, what is 1 - -40340?
40341
In base 14, what is 79 - 3?
76
In base 3, what is 2222 - 1000?
1222
In base 8, what is -4 + 1602?
1576
In base 9, what is 23745 + -2?
23743
In base 9, what is -10 - 53?
-63
In base 13, what is -a6 + -7?
-b0
In base 14, what is 39a + -3?
397
In base 6, what is 11212 - 1?
11211
In base 16, what is caa - 0?
caa
In base 6, what is -30532 - -4?
-30524
In base 9, what is 0 - -137?
137
In base 16, what is -2b6 - -4?
-2b2
In base 11, what is -5 + -249a?
-24a4
In base 12, what is -1 - 45a?
-45b
In base 15, what is 1 + 7c?
7d
In base 4, what is 2 + -133233?
-133231
In base 4, what is -113 + 10113?
10000
In base 9, what is 171 - -5?
176
In base 2, what is 1 - -101100?
101101
In base 15, what is -2 - -2c?
2a
In base 4, what is 11 + 2220?
2231
In base 12, what is 10 - 6?
6
In base 13, what is -16c + -2?
-171
In base 3, what is -202 + 220202?
220000
In base 14, what is 3d - -8?
47
In base 2, what is -110000 + 110000?
0
In base 15, what is -23 + b2?
8e
In base 12, what is 7 - 43?
-38
In base 3, what is -2112 - -211?
-1201
In base 11, what is -164 + 2?
-162
In base 16, what is -4 - -11?
d
In base 16, what is -2 + 0?
-2
In base 3, what is -111 + -120?
-1001
In base 3, what is -100022212 + 0?
-100022212
In base 11, what is -16 - 72?
-88
In base 15, what is 2c + -47?
-1a
In base 3, what is 21012022 - 1?
21012021
In base 16, what is -1c + 171?
155
In base 10, what is -2 + 1370?
1368
In base 2, what is -1111 + -100?
-10011
In base 15, what is -159 + -3?
-15c
In base 9, what is -36 + 122?
75
In base 15, what is -d8 + 3?
-d5
In base 15, what is -12 + 1b?
9
In base 4, what is 11 - -12013?
12030
In base 13, what is 2 + 75?
77
In base 8, what is 1 - -236?
237
In base 13, what is -3 + 8?
5
In base 3, what is 200010 + -12?
122221
In base 14, what is a + -1b?
-11
In base 9, what is 10 - 32?
-22
In base 5, what is -210 - -21?
-134
In base 6, what is -5 + -104?
-113
In base 11, what is 3 + 95?
98
In base 6, what is 2251 - -4?
2255
In base 5, what is 312020 + 0?
312020
In base 15, what is -12 + -52?
-64
In base 4, what is 22 + 2011?
2033
In base 11, what is -2885 - 0?
-2885
In base 9, what is 10 + -36?
-26
In base 12, what is -4 - -5?
1
In base 15, what is -41 - -28?
-18
In base 11, what is -4 + -65?
-69
In base 6, what is -1 - 12?
-13
In base 6, what is -1034 - -11?
-1023
In base 7, what is 4244 + -6?
4235
In base 4, what is 11 + -10011?
-10000
In base 15, what is 1 + -64?
-63
In base 4, what is -3 - -1200222?
1200213
In base 10, what is 37 - -6?
43
In base 14, what is 16 - -1?
17
In base 14, what is -2 - 21?
-23
In base 15, what is -8 + 85?
7c
In base 6, what is 21410 - -1?
21411
In base 11, what is -7 + -35?
-41
In base 3, what is -122022221 + 2?
-122022212
In base 14, what is -a75 - -5?
-a70
In base 9, what is -56 + 44?
-12
In base 7, what is 16 - 412?
-363
In base 13, what is -44 - 67?
-ab
In base 10, what is -4 - -1260?
1256
In base 3, what is 1112 - -101?
1220
In base 14, what is -1da - 3?
-1dd
In base 12, what is 2 + 3890?
3892
In base 11, what is -23 + 13?
-10
In base 13, what is 3 - -14?
17
In base 5, what is 320 - -4?
324
In base 13, what is -415 + -5?
-41a
In base 8, what is 0 - -124?
124
In base 16, what is 2 + 1d?
1f
In base 14, what is 3 - -866?
869
In base 11, what is -3 - -74?
71
In base 14, what is -2 + -b?
-d
In base 14, what is 0 - 37a?
-37a
In base 16, what is -458 + -1?
-459
In base 15, what is 66 + -3?
63
In base 6, what is 5050 - 5?
5041
In base 8, what is 5 - -63?
70
In base 3, what is -120112200 + 10?
-120112120
In base 8, what is -1 + 177?
176
In base 2, what is 10010 - 10010?
0
In base 6, what is 22 + 303?
325
In base 9, what is 33813 + 4?
33817
In base 6, what is -2 + 2252?
2250
In base 4, what is -3330 - 130?
-10120
In base 5, what is -2434 - -2?
-2432
In base 5, what is 10 - 21?
-11
In base 3, what is 11 + 222?
10